t y be 48455/44 - (-1)/(-4). Suppose -1677 = -6*n + y. What is the units digit of n?
3
Suppose 5*m + 18538 = -8*m. Let o = -830 - m. What is the hundreds digit of o?
5
Suppose -490705 = -27*i - 33*i + 118955. What is the tens digit of i?
6
Let x = -7325 - -10896. What is the units digit of x?
1
Suppose 4*s = -0*s - 2*y - 54, -36 = s - 4*y. Let t be (86 - -3 - -3) + -3. Let x = s + t. What is the units digit of x?
3
Suppose -5*r + 20 = -3*m, 4*r - 13 = 4*m + 3. Let h(v) = 2*v - 12. Let s be h(r). What is the hundreds digit of ((-1808)/24)/(s/6)?
1
Let y(x) = x**2 - x - 6. Let l be y(3). Suppose 3*n + 15 + 6 = l. Let p(a) = -2*a + 25. What is the tens digit of p(n)?
3
Suppose 138*z - 11799413 = -2091527. What is the ten thousands digit of z?
7
Suppose -2*l = 108 + 390. Let m be (16/(-5))/(120/(-13200)). Let p = m + l. What is the tens digit of p?
0
Let r(h) be the third derivative of 19*h**6/60 + h**5/60 + h**4/24 - 26*h**2. Let p be r(1). Suppose -43*n + 348 = -p*n. What is the tens digit of n?
1
What is the thousands digit of ((-12818)/3)/(254/(-762))?
2
What is the hundreds digit of -18 + 14 - 21/(-14)*(-25062)/(-3)?
5
Suppose 3*a - 36655 = 5*u, 4*a - 7*u = -11*u + 48916. What is the ten thousands digit of a?
1
Let k be (-26)/(-39) + 56/6. Let p(z) = k*z + 3*z - 2 + 6*z. What is the tens digit of p(4)?
7
Let t = 801 + -657. What is the units digit of t?
4
Let d(r) = -r**2 + 13*r + 8. Let u be d(16). Let l = 90 - 49. Let i = l + u. What is the units digit of i?
1
Let v(p) = -10356*p**3 - 4*p**2 - 5*p - 2. What is the thousands digit of v(-1)?
0
Let m = -106 + 152. Let g = -180 + m. Let x = -8 - g. What is the hundreds digit of x?
1
Suppose 0 = -7*v + 19 + 9. Suppose -4 = 3*y + y + 4*z, 0 = -4*y + v*z + 4. Suppose 2*h = f + 94 - 10, y = -3*h - 4*f + 115. What is the tens digit of h?
4
Let r = -205 - -461. Suppose -3*o = l - r, -3*o + 340 = o + 2*l. What is the tens digit of o?
8
Let j = 20355 + -6120. What is the ten thousands digit of j?
1
Let a = 58734 - 40879. What is the hundreds digit of a?
8
Suppose 5*f + 4*p = 66256 + 85475, -2*f + 60698 = -4*p. What is the thousands digit of f?
0
Let i(g) = 6*g**3 + 7*g**2 - 7*g - 270. What is the hundreds digit of i(10)?
3
Let t = 66 + -60. Suppose 0 = -2*y + t*y, 5*y + 1245 = 3*k. What is the hundreds digit of k?
4
Let z = -115 - -45. Let b = z + 93. Suppose 21*m + 278 = b*m. What is the hundreds digit of m?
1
Suppose 13*w - 2*t = 9*w - 14, 4*t = -w + 19. What is the hundreds digit of w + 2555/5 + -1?
5
Suppose -i - j = 1, i - 4 - 3 = j. Suppose i*h - 864 = -285. What is the units digit of h?
3
Suppose -73*a - 139434 = -107*a. Suppose 1057*y = 1060*y - a. What is the thousands digit of y?
1
Let t be (-2)/((-6)/60*2). Let o(q) = -q**2 + 16*q + 14. Let g(p) = -p**2 + 16*p + 14. Let i(s) = 5*g(s) - 4*o(s). What is the units digit of i(t)?
4
Suppose -2634781 - 85315 = -59*l - 472196. What is the tens digit of l?
0
Let s be 2/(-8) + (5 - (-1647)/(-4)). Let u = 909 + s. Suppose 14 + u = 6*c. What is the tens digit of c?
8
Let v = 3012 + 293. What is the units digit of v?
5
Suppose 0 = -594*u + 173836 + 1333142. What is the units digit of u?
7
Let c(t) = -3*t + 540. Let x be c(0). Suppose 15*n - 10*n = x. Let y = n + 24. What is the tens digit of y?
3
Let x = -176 - -174. What is the tens digit of (17 + x)*(-10 - -23)?
9
Let m be (-1)/4 + (-2)/(-8). Let r(w) = -2 + 8 + 35 - 6*w. What is the tens digit of r(m)?
4
Let q(r) = -3*r + 41. Let v be q(12). Suppose 2*b = -v*a - 2, 0*b + b - 3*a = -12. Let m(z) = -23*z - 28. What is the units digit of m(b)?
0
Suppose 3*b + 100120 = 10*l, b = 7*b - 9*b. What is the units digit of l?
2
Let j(p) be the second derivative of p**5/10 - p**4/2 + 3*p**3/2 - 6*p**2 + 68*p. What is the units digit of j(6)?
8
Suppose 0 = g + 4, -w - 33*g = -40*g - 6275. What is the hundreds digit of w?
2
Let b = 657 + -86. Let z = b - 297. What is the units digit of z?
4
Suppose -3*c = -3*x + 60, -x - c = 3*x - 70. Let i = 58 + x. What is the units digit of i?
6
Suppose 4*s = 3*t - 186693, -5*t = 431*s - 435*s - 311179. What is the units digit of t?
3
Let v(h) = h**3 + h**2 + 17*h - 39. Let r be v(3). Suppose -k - 4*d - r = -346, 3*k = d + 959. What is the tens digit of k?
1
Suppose -9 = 4*h - i - 0, 2*h + 6 = 2*i. What is the tens digit of 315/25*-105*h/2?
2
Let f be -1 + 5 + -1 - 4. Let u = 212 - f. What is the units digit of u?
3
Let o = -7 + 11. Suppose -2*h - 8 = -3*h + 3*z, 3*h - o*z = 29. What is the units digit of h/55 - 384/(-5)?
7
Let t = -51 - -73. Let k = t - 19. Suppose k*c = 22 + 44. What is the tens digit of c?
2
Let d = 59 + -1800. What is the hundreds digit of ((9 - 16) + 18/3)*d?
7
Suppose 128 + 2068 = 2*p. Let k be p/(-6) - -5 - 2*2. Let j = k - -332. What is the hundreds digit of j?
1
Suppose -22*v + 445 = 5. Let i(k) = k**3 - 16*k**2 - 66*k - 13. What is the hundreds digit of i(v)?
2
Let m(v) = 140*v + 38. Let s be m(2). Suppose s*o = 322*o - 2600. What is the units digit of o?
0
Let k = -2780 + 8779. What is the units digit of k?
9
Let n = -5 - -10. Suppose -5*w + 1375 = -4*r, n*w + 20*r - 17*r - 1340 = 0. What is the units digit of w?
1
Let h(a) = a**3 - 15*a**2 + 17*a + 13. Let r be 8/(-10)*(966/(-28) - -12). What is the units digit of h(r)?
1
Suppose 4*f = 4*i + 12, 3*i + 0*i - 2*f = -9. Let v be i/(((-9)/2)/(0 - -3)). Suppose 240 = l + v*l. What is the tens digit of l?
8
Suppose -j + 2*d + 10 = 0, 2*j = -5*d + 36 - 7. Suppose 3*c = -4*z + 1144, 5*c + j = -2*z + 584. What is the tens digit of z?
8
Let w = -13645 - -22231. What is the tens digit of w?
8
Suppose -120*i = -113*i + 7. Let m be (15/12)/((-2)/(-16)). Let h = m - i. What is the tens digit of h?
1
Let o(b) = -165*b**3 - 8*b**2 - 11*b. Let z be 14/(-6) + (-14)/(-42). What is the hundreds digit of o(z)?
3
Let n(x) = -x**3 + 8*x**2 + 8*x + 9. Let c be n(9). Suppose 7*s - 130 + 11 = c. Suppose -s - 47 = -i. What is the units digit of i?
4
Suppose -2*k = -k + 77. What is the tens digit of (1 + k/14)*-42?
8
Suppose l - 11*l = 3270. Let s be l/2*(-4)/(-6). What is the tens digit of ((-1)/((-3)/(-6)))/(2/s)?
0
Let a = 47 + -2. Let u = a + -42. Suppose 5*t = t + f + 545, -u*f + 541 = 4*t. What is the hundreds digit of t?
1
Suppose -14*j - 36 = -23*j. Suppose 4*v + 2*b - 4144 = 0, -2*v = -j*b - 1138 - 954. What is the hundreds digit of v?
0
Let m(c) = 19 - c + 3*c - 11*c + 25 + 31. What is the tens digit of m(5)?
3
Suppose 0 = -4*f + 2*l + 272530, -l = 1426*f - 1422*f - 272503. What is the units digit of f?
8
Let y be (2/6 - 0)/(8/96). Suppose a = y*l + 260 + 96, 0 = -5*a + l + 1837. What is the units digit of a?
8
Suppose -50632 = -2*r + 5*a, -15656 = r + 4*a - 41011. What is the hundreds digit of r?
3
Suppose -100*c = -114*c + 9268. Suppose -b + 7*h + c = 9*h, 4*h + 1946 = 3*b. What is the tens digit of b?
5
Let x(o) = -6*o**2 - 7*o + 43. Let a(m) = 2*m**2 + 4*m - 21. Let y(l) = -15*a(l) - 6*x(l). What is the units digit of y(6)?
5
Suppose 8*g + 1 - 17 = 0. Suppose 0 = -6*d + 2*d - 4*r + 1096, -g*d + r = -563. What is the hundreds digit of d?
2
Let x(w) = 369*w - 2178. What is the tens digit of x(71)?
2
Let k(m) = -2*m**2 - 28*m - 31. Let s be k(-12). Suppose -2214 + s = -13*u. What is the hundreds digit of u?
1
Suppose -5*w - 4*x + 52 = 0, -3*w + w + 26 = -x. Suppose 0 = 10*d - w*d + 66. What is the units digit of d?
3
Suppose 0*v + 8073 = 9*v. Suppose -t = -h + 882, t = h + 3*t - v. What is the units digit of h?
7
Let w be (-44 - -13071)*(-36)/7. What is the units digit of (w/(-16))/3 - 1/(-4)?
6
Let v(z) = -z**2 - 18*z - 49. Let j be v(-8). Suppose j*m - 21*m = 2540. What is the hundreds digit of m?
2
Let b(r) = -r**3 - 2*r**2 - 3*r - 5. Let s be b(-4). Let c = -41 + s. What is the units digit of 12/((3/c)/(207/(-12)))?
8
Let i be (((-21)/(-28))/1)/((-6)/(-40)). Suppose -1223 - 119 = -5*d - 3*u, -d = -i*u - 274. What is the tens digit of d?
6
Suppose 2*n + 496 = -4*u, -2*u + 2*n - 236 = -0*u. Let c = 4155 + -3993. Let w = c + u. What is the units digit of w?
0
Suppose -w + 3*k = 1, w = -3*w + 4*k - 12. Let c be (-12)/(-2)*(w/(-8) + 1). Let g(t) = t**2 - 8*t - 6. What is the units digit of g(c)?
3
Let g = -276 - -280. Let i(t) = 9*t**3 + 3*t**2 - 11*t + 7. What is the tens digit of i(g)?
8
Let k(q) = -q**3 + 27*